ose 6*z - 21 = u. Let g be z/15 + 39/15. What is the highest common divisor of 1 and g?
1
Let y(r) = -r**3 - 10*r**2 + 13*r + 27. Let v be y(-11). Let b = -9 - -14. Calculate the greatest common factor of v and b.
5
Let a = -19 + 1. Let t = a - -28. Let h be 0 + 2 + t + 3. What is the greatest common factor of 75 and h?
15
Suppose 19*v = 20*v - 192. Calculate the highest common divisor of 512 and v.
64
Let y(x) = -8*x - 2. Let h be y(-2). Suppose 0 = -h*j + 20*j - 198. What is the greatest common divisor of j and 3?
3
Let o(f) = 13*f - 43. Let c be o(4). Suppose 114 = -3*j + c*j. Calculate the greatest common divisor of 209 and j.
19
Let m(k) = -2*k - 8. Let j be m(-6). Let r = 1190 + -1126. What is the greatest common divisor of r and j?
4
Let x be ((-8)/(-2))/(2/4). Let c = 114 - 112. What is the highest common divisor of x and c?
2
Suppose -2*j + 0 + 522 = 0. Calculate the highest common factor of 27 and j.
9
Suppose 0 = 4*j + 40 - 152. Let i = -999 - -1013. What is the highest common factor of i and j?
14
Let i = -125 + 325. What is the highest common factor of 40 and i?
40
Let g = 3 + 52. Calculate the highest common divisor of g and 33.
11
Suppose -8 + 5 = -g - 3*r, -3*g + 22 = -4*r. Let h be (3*-51)/(5 - g). What is the highest common factor of h and 17?
17
Suppose -4*o + 50 = -398. Let j be (-1)/3 + (-98)/(-6). Let y(d) = 2*d - 16. Let c be y(j). What is the greatest common divisor of c and o?
16
Let f be ((-34)/6 - (-13)/(-39)) + 74. Calculate the greatest common divisor of 2380 and f.
68
Suppose 205 = 3*a - 320. Let g(f) = 4*f. Let h(o) = -8*o - 1. Let t(l) = 7*g(l) + 3*h(l). Let m be t(7). What is the greatest common divisor of a and m?
25
Suppose 5*m = -v + 4748, 4*m - 5*v = 1619 + 2162. Calculate the highest common divisor of m and 73.
73
Let m(j) = 4*j**2 - 11*j - 27. Let q be m(-4). Calculate the highest common factor of 18 and q.
9
Let c be (24/(-10))/(3/150). Let q be ((-1)/(-2))/((-15)/c). Calculate the highest common divisor of q and 20.
4
Let y be (68 - 16/(-3 + 7)) + 2. What is the greatest common divisor of y and 48?
6
Let a = -694 - -441. Let j be 10/(-20) + a/(-2). Let f be ((-1)/3)/((-3)/j). What is the highest common divisor of f and 112?
14
Suppose 5*d - 3*x = 1, d + 18 = 4*d + 4*x. Let j be d/(-1 + (-212)/(-208)). What is the greatest common factor of j and 13?
13
Let u be 4 + 1 + (-35 - -32). Let n be ((-3)/2)/(-1)*2. Suppose n*m - u = m. What is the greatest common divisor of 1 and m?
1
Let h = 14 - 1. Suppose -30 = o + 4*n, -4*o + 2*n = 64 + 20. Let g = o - -35. Calculate the greatest common factor of g and h.
13
Let g(u) = u - 8. Suppose s = 2 + 9. Let f be g(s). Suppose -7*p + f = -6*p. Calculate the highest common factor of 3 and p.
3
Let u(g) = 32*g + 57. Let i be u(-6). Let y = -133 - i. Calculate the greatest common divisor of 38 and y.
2
Suppose 110*n - 480 = 106*n. Calculate the greatest common divisor of n and 420.
60
Suppose -4*o = -7*o + 9. Suppose -o*t - 162 = -5*r, 4*r + 2*t - 129 + 17 = 0. What is the highest common factor of r and 45?
15
Suppose 86*l - 15324 = 99916. Calculate the highest common divisor of 20 and l.
20
Let k = 448 + -335. Calculate the greatest common divisor of k and 565.
113
Let o(p) = p**2 + p + 2. Let s be o(-3). Suppose -248*k = -244*k - 32. Calculate the greatest common factor of s and k.
8
Let r be 2322 - (-11 + 6 - 4). Calculate the greatest common factor of 63 and r.
63
Let s = -30 + 27. Let b be s*20/(-6)*352/80. What is the greatest common divisor of 352 and b?
44
Let u = -8 + 10. Suppose 4*i + 364 = 3*w, -u*w + 153 = -w + 5*i. Suppose 5*y + w = 9*y. What is the highest common factor of 128 and y?
32
Let q be 4/6*15 - -4. Let d = q + -12. Suppose c = 5*j - 18, -4*c + 16 = d*j - 0*j. Calculate the greatest common factor of 36 and j.
4
Suppose -5*n - 7 - 28 = -5*k, 4*n = 12. Suppose -k*f - 19 = -139. What is the highest common factor of f and 3?
3
Let a be (-108)/((-10)/(-7 + 12))*3. What is the greatest common factor of 90 and a?
18
Let u be 10 - (5 - (-2 + 4)). Suppose 10*z - u*z = 96. Let m be (-2)/1 - (-6 - z). What is the highest common divisor of m and 9?
9
Let g(y) = -y + 2. Let c be g(0). Suppose -c*r - 18 = r. Let u(w) = w**2. Let m be u(r). What is the greatest common divisor of m and 12?
12
Let k be (-22)/((-2)/3*3). Suppose -5*l = 3*w - 25 - 4, w = -2*l + k. Suppose 10 = -w*j + 64. What is the highest common factor of 27 and j?
9
Let r be (-8)/(-14) - 1475/(-175). Let h(l) = -l**3 + 4*l**2 + 9*l. Let y be h(-3). What is the greatest common divisor of r and y?
9
Let r = 32 + -28. Suppose -r*p = -6*p - 2*n + 56, 4*p - 126 = 3*n. Calculate the highest common factor of 30 and p.
30
Let q = -688 + 1066. What is the highest common factor of 42 and q?
42
Let q be (-2)/(-9) - (-6 + (-3296)/72). Calculate the highest common divisor of 143 and q.
13
Suppose -4*p + 34 = -p - 4*h, 13 = p - 3*h. Let t = 93 + -53. Calculate the highest common divisor of t and p.
10
Let j(c) = -18*c - 171. Let u be j(-10). What is the highest common factor of u and 57?
3
Suppose -2*u - 5*o = -19, -4*u - 2*o = -0*u - 30. Suppose 66 = -l + u*l. What is the highest common divisor of l and 44?
11
Let k be 147 - (0 + 1)/(7/21). Calculate the greatest common factor of 3744 and k.
144
Suppose 2*i - 3166 = -3*h, -6*i + 2*i + 2*h + 6316 = 0. Calculate the highest common factor of 20 and i.
20
Let u = -18 - -28. Let t = 16 - u. Let o be (-70)/(-21)*63/5. Calculate the greatest common factor of o and t.
6
Let n be 292*(3/2)/(-3). Let c = 246 + n. What is the highest common divisor of c and 20?
20
Suppose p - 66 = -64. Let o be p/(-5) + (-576)/(-40). Let d(m) = -m**3 - 7*m**2 + m. Let j be d(-8). Calculate the greatest common factor of o and j.
14
Let o = 13 - 8. Suppose -3*b - 5*x - 3 = -1, -o*b = -x - 6. Let p be 0/(b + -2) - -56. Calculate the highest common factor of 14 and p.
14
Suppose 612 = 4*d - 5*i, 4*i = -3*d - 0*i + 490. Calculate the greatest common factor of 869 and d.
79
Let h = 6 - -2. Let t(x) = -x**2 + 2*x + 43. Let n be t(-5). What is the highest common divisor of n and h?
8
Let o(v) = -2*v + 18. Let x be o(6). Let q be (-2)/(-3) - (-332)/x. Calculate the greatest common factor of 8 and q.
8
Suppose 0 = -6*p + 757 + 827. Calculate the greatest common divisor of p and 24.
24
Let b be (262 + (-4)/1)/2. Let j = 39 + b. Calculate the highest common factor of j and 21.
21
Suppose -3*d + 0*d = -6. Suppose -2*c + 1 = p - 8, 1 = p - d*c. Let z be 3/(p - 2)*10. Calculate the greatest common factor of 100 and z.
10
Let q(y) = -y**2 + y + 9. Let w be 8*(-2 - 5/(-2)). Let l be q(w). Let c be (17 + -5)*(-4)/l. What is the greatest common divisor of 24 and c?
8
Let c(b) be the first derivative of 0*b - 1/4*b**4 - 2 + 2*b**3 + b**2. Let s be c(6). Calculate the greatest common divisor of s and 96.
12
Let y(a) = 15*a**2 - a + 1. Suppose -2*l + 5 = 3*l. Let x be y(l). Calculate the greatest common factor of 5 and x.
5
Suppose -2*q + 36 = o, 5*o - 89 - 77 = -3*q. What is the highest common divisor of 24 and o?
8
Let l = -91 - -92. Let c be l/((-3)/117)*4/(-3). Suppose 3*a - a - 26 = 0. Calculate the highest common factor of a and c.
13
Let k(d) = -d**3 - 17*d**2 + 17*d - 1. Let z be k(-18). Calculate the highest common factor of 272 and z.
17
Let k(j) = 4*j + 32. Let m be k(-1). Calculate the highest common factor of m and 434.
14
Let f be (1 - 0)*(-768)/(72/(-12)). Let o(m) = -3*m - 7. Let p be o(-5). Calculate the highest common factor of p and f.
8
Let u(k) = k**3 + 5*k**2 - 7*k - 8. Let p be u(-6). Let v be (-4)/(16/(-196)) - (p - -1). Calculate the greatest common factor of 125 and v.
25
Let x(i) be the first derivative of i**2/2 + 5*i - 6. Suppose -18 = -3*f - 4*c + 7, 5*c = 5. Let w be x(f). Calculate the greatest common factor of w and 132.
12
Suppose -360 = -0*t - 6*t. Let f be (-2)/2*t/(-3). Suppose 4*j - f = -8. Calculate the greatest common factor of 27 and j.
3
Let d be ((-9)/(-15))/((-5)/(-25)). Suppose 5*r + 835 = 5*m + 4*r, -3*m = -d*r - 489. What is the highest common divisor of 6 and m?
6
Let x = 986 + -926. Suppose -2*y + 25 + 55 = 0. What is the greatest common factor of x and y?
20
Let k be (0 - 81)*(-41)/123. What is the highest common divisor of k and 72?
9
Let o be 0*1*(-1 - 